t the prime factors of b/(-6) - (7435/(-30) - -4).
2, 61
Let y(u) be the first derivative of -6*u**2 - 9 + 11*u**2 - 11*u - 2*u**2 - 4*u**2. What are the prime factors of y(-10)?
3
Let r(l) = l + 4. Let d = -36 - -46. Suppose -7*x + d = -6*x. List the prime factors of r(x).
2, 7
Suppose 2*x - 3*a = 8, 20 = 5*x - 0*a - 4*a. Suppose -x*b + 18 = -2*b. List the prime factors of (-85)/(-15)*b/1.
3, 17
Let g = 16200 - 3584. List the prime factors of g.
2, 19, 83
Let w(u) = -15*u - 40. Let x be w(-4). Let d = 22 - x. What are the prime factors of (5/(-3))/(d/(-888)*4)?
5, 37
Suppose -30 = 5*t - 110. Let q be 207/12 - (-12)/t. What are the prime factors of 30*44/q*3?
2, 5, 11
Suppose -4080 = -o + 4*i, -i - 1261 = -3*o + 10990. What are the prime factors of o?
2, 1021
Let p(d) = 0*d + 3*d + 1967 + 143 - 367 - 4*d. What are the prime factors of p(0)?
3, 7, 83
Let t be 1*471*(-22)/33. Let n = 595 + t. List the prime factors of n.
281
Let w = -18999 + 44905. What are the prime factors of w?
2, 12953
Let o = -147 + 187. Suppose 47*x = o*x + 287. What are the prime factors of x?
41
Suppose 0 = 3*w - 4*x - 497, 3*w + 5*x = x + 529. Let d = 457 - w. Suppose 16*y + d = 18*y. What are the prime factors of y?
11, 13
Suppose 3*t - 134*x + 138*x = 30455, 0 = 3*t - 3*x - 30441. What are the prime factors of t?
3, 17, 199
Let w = 26 + -24. Let g = -63 - w. Let q = g - -98. What are the prime factors of q?
3, 11
Let x(n) = -n**3 - 14*n**2 + n + 17. Let c be x(-13). Suppose 0 = p + 20 + 36. Let i = p - c. What are the prime factors of i?
109
Let f(d) = -611*d - 9612. What are the prime factors of f(-111)?
3, 19403
Suppose 2*b + 3*b = -25, 4*j + 577 = -b. Let q = j - -163. List the prime factors of q.
2, 5
Let z(b) = -b**3 - 7*b**2 + 11*b + 29. Let j be z(-8). Suppose -5*d - 2185 = -5*g, -j*g - 5*d + 3*d + 2206 = 0. List the prime factors of g.
2, 5, 11
Let f = -2665 + 10388. Suppose -26*s + 55095 = f. List the prime factors of s.
2, 911
Suppose -2*v = 3*v - 4*v. What are the prime factors of (-28 - (0 + -8))/(v + -2)?
2, 5
Let z = -550 + 1131. List the prime factors of (-39 + 37)/(1160/z - 2).
7, 83
Let s(v) = v**2 - 3*v + 1. Let t be s(3). Let w be (1 + 6*16)*t. Suppose -553 = -5*c + w. What are the prime factors of c?
2, 5, 13
Suppose 42*p = 207056 + 125248. List the prime factors of p.
2, 23, 43
List the prime factors of (46 - 50)*1116/(-96)*(-26)/(-3).
13, 31
Let u be (5/(-6))/((-41)/246). Suppose 0 = 2*f - 4*c - 2250, -u*f + 2*c = -3*f - 2242. What are the prime factors of f?
1117
Let f(g) = g**3 - g**2 - 2*g + 2. Let s be f(0). Suppose -s*m + 27 - 93 = 0. Let i = m - -45. List the prime factors of i.
2, 3
Let u(c) = 25*c**2 - 49*c + 657. List the prime factors of u(-29).
3, 17, 151
Suppose -5*l + 64 - 19 = 3*w, -3*w = 3*l - 27. Let a = 12 - l. Let m(h) = 32*h + 10. What are the prime factors of m(a)?
2, 53
What are the prime factors of 2 + 53370/(-4)*(170 - 172)?
26687
Suppose 0 = -2*s - 2*x + 6488, s + 196*x - 3244 = 199*x. What are the prime factors of s?
2, 811
Let c(x) = -x**2 - 105*x + 9367. What are the prime factors of c(0)?
17, 19, 29
Let s = -420 - -613. Suppose 215 = -8*n - s. Let t = 157 + n. What are the prime factors of t?
2, 53
What are the prime factors of (-36)/(-15)*2957640/112?
2, 3, 7, 503
Let w = -7195 - -18779. What are the prime factors of w?
2, 181
Let z(s) = s**3 - 4*s**2 - 12*s + 6. Let o = -476 - -488. List the prime factors of z(o).
2, 3, 13
Let t(z) = 5*z. Let q be t(14). Suppose 2*w - 5*c = q, -4*w + 70 = 3*c - 44. Let k = 146 - w. List the prime factors of k.
2, 29
Let l(z) be the second derivative of z**4/12 + 10*z**3/3 - 22*z**2 - 91*z. What are the prime factors of l(-33)?
5, 7, 11
Let q(p) = 33*p**2 - p - 14. Let t(j) = 164*j**2 - 6*j - 70. Let w(b) = -28*q(b) + 6*t(b). What are the prime factors of w(-4)?
2, 241
Let v be 13200/242 + (-18)/33. List the prime factors of 0 + (-4)/18 - (-32088)/v.
2, 3, 11
List the prime factors of (4476/(-8))/((-22)/1012) - -4.
25741
Let t = 766 + 874. Suppose -5*l + 2*p = -6*l + 324, -t = -5*l - 5*p. List the prime factors of l.
2, 83
Let y = 21 - 408. Let j = -548 - -317. Let c = j - y. List the prime factors of c.
2, 3, 13
Let q = -1266 + -2558. Let f be q/22 - (-6)/(-33). List the prime factors of 5/1*(-4 + f/(-15)).
2, 19
Suppose 4*j - 30 = -5*n, -5 + 29 = 4*n + 4*j. Suppose 3*m + 1142 = l, 0 = -n*l + 9*l - m - 3426. List the prime factors of l.
2, 571
Suppose -4*m + 17*m = -10*m + 87423. List the prime factors of m.
3, 7, 181
Suppose -78*k + 8070 = -75*k. Let j = -1120 + k. What are the prime factors of j?
2, 5, 157
Suppose -34*k = -19*k - 75. Suppose -b + 2*s + 59 = 5*s, -285 = -5*b - k*s. List the prime factors of b.
2, 7
Suppose -224 - 125 = -h. Suppose -3*j = -3, -4*d + 1960 + h = 5*j. What are the prime factors of d?
2, 3
Suppose 7*w = 3*w + 28. Let h = w + -3. Suppose -137 = -4*f - u, 2*f - h = u + 63. What are the prime factors of f?
2, 17
Suppose -13*u = -80 + 28. Suppose 4*o + 744 = 4*c, 7*c - 5*o = u*c + 562. What are the prime factors of c?
2, 23
Suppose 13696 = 3*c - 2*m, 0 = 12*c - 14*c + 2*m + 9130. What are the prime factors of c?
2, 3, 761
Let o(p) = 125*p**2 - 10*p - 32. List the prime factors of o(-6).
2, 283
Let p = -72 + 193. Let l(f) = 114*f + p*f - 31 + 4*f**2 - 229*f. What are the prime factors of l(5)?
3, 11
Let y = -523 + 532. Suppose 6*v + 3401 = y*v + 2*t, -v = -4*t - 1115. What are the prime factors of v?
3, 13, 29
Suppose -3968 = 8*d + 17000. Let i = -1698 - d. What are the prime factors of i?
13, 71
Suppose j + 0*f + 4 = 3*f, 0 = 4*j - 4*f. Suppose -j*a + 3*s = -218, 465 + 97 = 5*a + s. Suppose -x - x = -a. What are the prime factors of x?
2, 7
Suppose 47*u - 191268 = 87*u - 51*u. What are the prime factors of u?
2, 3, 7, 23
Let v(t) = t**2 + 7*t + 4. Let y be v(-8). Suppose 5*r - y = 3, 4*r = -3*l + 12. Suppose -f - 4*k + 39 = -l*k, -f = -3*k - 46. List the prime factors of f.
43
Suppose 0 = -5*p + 3*z + 39090, p - 8*z - 7835 = -4*z. What are the prime factors of p?
3, 5, 521
Suppose 0 = 5*f + m - 1025, -3*f + 207 + 385 = -4*m. Let y(x) = x**3 - 4*x**2 - x + 6. Let j be y(6). Let z = f - j. What are the prime factors of z?
2, 3, 11
Let c be -1 - 0 - (-10)/2. Let t(m) = -3 + m + 4*m + 2*m - 8*m - 1 + m**2. What are the prime factors of t(c)?
2
Suppose 4*o = -2*j - 2826 + 13128, -4*o - 15433 = -3*j. List the prime factors of j.
5147
List the prime factors of ((-28)/35 - 0)*(-3342 - 3).
2, 3, 223
Suppose 4*c + 0*c - 5*z = 8, -3*c + 6 = 5*z. Suppose -123 = 3*m + 5*k, 3*m - 2*k = c*k - 96. Let d = m + 86. What are the prime factors of d?
2, 5
Suppose 1074 = 7*o + 794. Let j(q) = q**2 + q + 44. Let w be j(0). Suppose o*l - w*l = -772. List the prime factors of l.
193
Let g(i) be the second derivative of -2*i**3/3 + 23*i**2/2 + 13*i. Let t be g(5). Suppose k + 208 = t*k. What are the prime factors of k?
2, 13
Let a(z) be the first derivative of 7*z**2/2 + z - 87. Suppose -s + 4 = 0, -5*t + 4*s + 0 + 9 = 0. What are the prime factors of a(t)?
2, 3
Let g be -3*3234/(-54) - 1/(-3). Let r = g + -27. Suppose -14*n = -r - 379. What are the prime factors of n?
2, 19
Let f(q) be the second derivative of q**5/20 + 3*q**4/4 + 7*q**3/6 - q**2/2 + 18*q. Let j be f(-8). Suppose -o = -16 + j. What are the prime factors of o?
3
Let v(z) = 46*z**2 - 85*z - 8. Let f be (-1)/((-12)/102) + 10/(-4). What are the prime factors of v(f)?
2, 569
Suppose 0 = -13*j + 7044 - 2351. Suppose 1415 = 4*c - j. Let d = -247 + c. List the prime factors of d.
197
Let j be (0*((-9)/2 + 4))/(-3). Let l be j - (-17)/5 - 2/5. Suppose -l*c - 10 = 2, 4*h + 2*c - 648 = 0. What are the prime factors of h?
2, 41
Let x = -12132 + 14099. What are the prime factors of x?
7, 281
Let n(w) = -7*w - 26. Let c be n(-5). Let l be (-2)/18 + 91/c. Suppose 0 = l*r - 719 - 1051. List the prime factors of r.
3, 59
Let f be (45/(-20))/3 + 7030/8. Let a = 2237 - f. What are the prime factors of a?
3, 151
Suppose 15 = 2*f - 4*x - 17, -4*x = f - 16. Suppose 53 = 5*d - 12. Suppose -d*v - 30 = -f*v. List the prime factors of v.
2, 5
Suppose 4*u - 34*b + 31*b - 63687 = 0, -15 = -5*b. What are the prime factors of u?
2, 3, 1327
Let t(v) be the second derivative of -7*v**3/2 + 6*v**2 + 23*v. Let p be t(-5). Suppose -2*l = -0*a + 